5. Give u(-8).
3
Let b(h) = 2*h**3 - 19*h**2 - 9*h - 22. What is b(10)?
-12
Let u(a) = -a**2 - 9*a - 6. Calculate u(-7).
8
Let y(c) = -23*c + 467. What is y(21)?
-16
Let v(t) = -t**3 + 15*t**2 - 29*t + 40. What is v(13)?
1
Let t(g) = 4*g**3 - g**2 + 5*g - 5. Determine t(2).
33
Let c(w) = -w**2 + 11*w + 21. Determine c(10).
31
Let s(w) = w**3 + 7*w**2 - 23*w - 52. What is s(-9)?
-7
Let i(s) = -17*s - 150. Determine i(-8).
-14
Let t(z) = 13*z - 1. What is t(-2)?
-27
Let q(g) = -g**3 - 7*g**2 - 11*g + 8. Give q(-4).
4
Let j(y) = -2*y**3 - 3*y**2 - 3*y - 1. Give j(-2).
9
Let s(w) = w**3 + 13*w**2 - 15*w + 11. What is s(-14)?
25
Let g(j) = 14*j**3 + 2*j**2 - 2*j + 1. What is g(1)?
15
Let q(h) = h**3 + 2*h**2 - 24*h - 56. Determine q(-3).
7
Let g(s) = -s**3 - s**2 + 17. Determine g(0).
17
Let a(j) = j**2 - 20*j + 93. Determine a(9).
-6
Let q(h) = h**3 + 8*h**2 + 2*h + 20. What is q(-8)?
4
Let n(r) = 2*r + 16. What is n(-6)?
4
Let z(h) = h**2 + 5*h - 2. Give z(-7).
12
Let f(z) = 3*z + 20. Give f(-4).
8
Let i(d) = -2*d**2 + 36*d - 42. Give i(17).
-8
Let x(c) = -c**3 + c**2 - 8*c + 16. Give x(2).
-4
Let w(y) = y**3 - 7*y**2 + 10*y + 8. Give w(4).
0
Let z(k) = 26*k**3 + k**2 - 1. Give z(-1).
-26
Let s(h) = -h**2 - 11*h - 25. Calculate s(-8).
-1
Let l(m) = -2*m - 9. What is l(-6)?
3
Let u(m) = 2*m**2 - 17*m - 42. What is u(-2)?
0
Let p(q) = 13*q - 7. Determine p(-2).
-33
Let a(t) = -9*t - 55. What is a(-7)?
8
Let k(w) = -43*w + 393. Determine k(9).
6
Let i(a) = -a**2 + a - 7. What is i(6)?
-37
Let d(n) = -5*n**2 - 55*n + 60. Determine d(-12).
0
Let h(l) = 12*l + 109. Give h(-11).
-23
Let k(c) = -2*c**2 + 4*c + 46. Calculate k(5).
16
Let c(m) = m**3 + 7*m**2 + 6*m - 1. Calculate c(-6).
-1
Let g(v) = -7*v**3 + v**2 - 3*v - 4. What is g(-1)?
7
Let p(j) = 20*j + 436. Determine p(-22).
-4
Let s(a) = 18*a**3 + 4*a**2 - 4*a - 3. Calculate s(2).
149
Let g(i) = i**3 - 7*i**2 + 7*i - 1. Calculate g(6).
5
Let x(w) = -w**3 - 5*w**2 - 7*w - 1. Calculate x(-3).
2
Let q(z) = -16*z + 12. Determine q(-3).
60
Let d(j) = -j**2 - 28*j + 47. Determine d(-29).
18
Let b(j) = 14*j - 16. What is b(7)?
82
Let k(a) = -2*a - 16. Give k(-16).
16
Let h(t) = 38*t + 5. Calculate h(0).
5
Let v(l) = l**2 - 8*l + 28. Determine v(8).
28
Let i(r) = -5*r + 254. What is i(47)?
19
Let k(m) = -4*m**3 + m**2. Determine k(1).
-3
Let u(s) = -3*s + 3. Give u(2).
-3
Let b(f) = 4*f - 63. Determine b(14).
-7
Let p(f) = 5*f + 13. Give p(-1).
8
Let v(s) = 4*s - 5. Determine v(2).
3
Let k(a) = 2*a**2 + 19*a + 63. What is k(-5)?
18
Let h(j) = 2*j**2 - 12*j - 25. Give h(8).
7
Let t(b) = -b**2 - 39*b + 179. What is t(-43)?
7
Let l(d) = -12*d**2 + 47*d + 14. Determine l(4).
10
Let k(g) = 2*g**2 + 1. What is k(1)?
3
Let a(x) = -6*x + 5. Determine a(2).
-7
Let z(m) = -2*m**2 + 59*m + 13. What is z(30)?
-17
Let n(p) = p**2 + 22*p + 2. What is n(-22)?
2
Let z(x) = -x**3 + x + 4. Determine z(4).
-56
Let b(t) = -6*t. What is b(-1)?
6
Let o(s) = s**3 + 3*s**2 - 6*s + 3. Give o(-4).
11
Let j(s) = -3*s**2 + 4*s - 4. Determine j(4).
-36
Let f(o) = -3*o + 60. What is f(14)?
18
Let s(g) = g - 4. Determine s(50).
46
Let w(h) = h**2 - 4*h - 10. What is w(8)?
22
Let r(h) = h**2 - 9*h + 6. Calculate r(7).
-8
Let z(h) = -h**3 - h**2 - h - 14. What is z(0)?
-14
Let p(w) = w**3 - 33*w**2 + 264*w + 31. Give p(19).
-7
Let u(t) = t**3 - 34*t**2 + 32*t + 5. Give u(33).
-28
Let w(c) = -3*c + 14. What is w(4)?
2
Let t(w) = -w + 32. Give t(19).
13
Let i(p) = 45*p - 1714. Give i(38).
-4
Let m(h) = -8*h + 3. Give m(4).
-29
Let g(q) = q**2 - 34*q - 333. Calculate g(42).
3
Let j(h) = -2*h - 96. What is j(0)?
-96
Let x(m) = m + 26. Determine x(-20).
6
Let d(h) = 28*h**3 - h**2 - 2*h - 1. Give d(-1).
-28
Let l(v) = -v**2 + 10*v + 1. What is l(8)?
17
Let v(y) = 2*y**2 + 30*y + 94. Calculate v(-11).
6
Let x(v) = -3*v + 1. Determine x(-2).
7
Let a(h) = -8*h + 20. What is a(6)?
-28
Let l(f) = 3*f - 18. What is l(-5)?
-33
Let n(y) = y**3 - 24*y**2 + 3. Calculate n(24).
3
Let q(v) = 3*v + 5. Determine q(-4).
-7
Let b(z) = z**2 + 2*z - 20. Give b(-6).
4
Let n(y) = -2*y - 1. What is n(-1)?
1
Let g(o) = -o + 10. Determine g(5).
5
Let q(x) = -x + 24. Give q(-10).
34
Let k(w) = -w**2 + 4*w + 3. What is k(6)?
-9
Let m(j) = -j**3 + 16*j**2 - 2. Calculate m(16).
-2
Let a(w) = w**3 - 5*w**2 + 5*w - 6. Give a(4).
-2
Let o(t) = t**2 + 66*t + 833. Calculate o(-17).
0
Let x(y) = -y**3 + 4*y**2 + 39*y - 3. Give x(8).
53
Let y(z) = -z**2 + 8*z - 25. Calculate y(4).
-9
Let d(x) = -x**3 - 3*x**2 + 4*x + 5. Determine d(-5).
35
Let r(j) = j**3 - 4*j**2 - 4*j + 1. What is r(4)?
-15
Let b(n) = -20*n - 201. Calculate b(-10).
-1
Let b(q) = 4*q + 2. Determine b(8).
34
Let x(r) = r**2 - 4*r - 14. Calculate x(8).
18
Let s(c) = -11*c**2 - 4*c - 6. Determine s(-3).
-93
Let d(r) = 3*r**3 - 33*r**2 + 8. Calculate d(11).
8
Let q(p) = 3*p**2 + 7*p - 10. What is q(-6)?
56
Let l(d) = d**3 - 5*d**2 - d + 6. What is l(0)?
6
Let d(z) = -2*z**2 - 15*z - 19. Give d(-6).
-1
Let n(l) = -l**3 + 4*l**2 - 6. Determine n(4).
-6
Let z(n) = -8*n**2 - 9*n + 2. What is z(-3)?
-43
Let d(h) = 2*h**3 + 92*h**2 - 92*h + 97. What is d(-47)?
3
Let r(d) = d**2 - 17*d + 26. Give r(15).
-4
Let b(i) = i**2 + 26*i + 87. Give b(-23).
18
Let g(i) = -2*i + 3. Determine g(-2).
7
Let g(a) = 2*a**3 - 9*a**2 - 6*a + 16. Determine g(5).
11
Let a(u) = u**2 - 19*u + 80. What is a(9)?
-10
Let m(i) = 7*i**2 + 61*i + 18. Give m(-9).
36
Let g(i) = -344*i - 1719. Give g(-5).
1
Let l(w) = -2*w**2 - 20*w - 21. Determine l(-9).
-3
Let f(v) = -6*v**2 + 2*v + 7. What is f(3)?
-41
Let i(w) = 2*w**2 - 17*w + 4. Give i(10).
34
Let u(c) = -c**3 - 18*c**2 - 17*c - 7. Give u(-17).
-7
Let s(v) = -v**3 - 8*v**2 + 21*v - 5. What is s(-10)?
-15
Let g(x) = 3*x - 1. Determine g(10).
29
Let t(u) = u**3 + 6*u**2 + u + 5. Give t(-6).
-1
Let b(r) = -5*r**2 - r + 4. Determine b(2).
-18
Let w(f) = -5*f**2 + 63*f - 27. Give w(12).
9
Let w(s) = -s**2 - 26*s - 24. Calculate w(-28).
-80
Let t(b) = b**2 + 8*b + 3. What is t(-6)?
-9
Let k(x) = -x + 17. Determine k(9).
8
Let s(z) = -z - 2. Calculate s(-6).
4
Let t(k) = -k**3 - 3*k**2 + 2. Calculate t(2).
-18
Let u(o) = -23*o + 72. What is u(7)?
-89
Let w(x) = -x**3 - 13*x**2 - 13*x + 17. Determine w(-11).
-82
Let f(r) = r**2 - 18*r + 80. Give f(14).
24
Let p(v) = v**2 + 13*v - 20. Give p(-19).
94
Let f(x) = 9*x. Give f(-2).
-18
Let l(x) = 10*x - 6. Give l(-11).
-116
Let d(q) = 2*q**2 - 7. What is d(4)?
25
Let b(j) = -4*j**2 + 17*j - 83. Give b(6).
-125
Let f(s) = -4*s - 5. Calculate f(-2).
3
Let b(r) = -3*r**2 + 4*r. Determine b(3).
-15
Let k(x) = x**3 + 7*x**2 + 5*x + 12. Determine k(-7).
-23
Let p(i) = -i**3 - 2*i. Give p(0).
0
Let i(o) = -50*o - 68. Calculate i(-3).
82
Let k(s) = s - 8. Give k(7).
-1
Let c(s) = -s**2 + 12*s + 162. What is c(-8)?
2
Let l(d) = d**2 + 8*d - 16. Determine l(2).
4
Let j(k) = 9*k + 54. Calculate j(-6).
0
Let c(b) = -b**3 + 8*b**2 - 6*b - 11. Calculate c(7).
-4
Let o(c) = c**2 - c. Give o(4).
12
Let y(m) = 3*m - 65. What is y(18)?
-11
Let a(p) = 6*p**3 + 3*p**2 - 2. Give a(1).
7
Let g(x) = -50*x + 5. Determine g(0).
5
Let t(m) = 58*m**3 + 2*m**2 - 1. Calculate t(1).
59
Let f(d) = -5*d**2 + 4*d - 3. Give f(5).
-108
Let s(g) = g**2 - g + 5. Determine s(4).
17
Let t(n) = n - 45. Give t(18).
-27
Let u(g) = g**2 + 2*g + 1. Calculate u(-2).
1
Let v(o) = o**3 + 5*o**2 + 2*o + 7. Determine v(-5).
-3
Let u(j) = 6*j**3 + 5*j**2 - 2*j - 6. Calculate u(-2).
-30
Let f(c) = -4*c**2 + 23*c - 8. Calculate f(6).
-14
Let a(g) = -g**2 - 15*g - 13. Give a(-9).
41
Let v(a) = -a**3 + 4*a**2 + 6*a - 2. Calculate v(4).
22
Let j(k) = k**2 + 9*k + 1. Determine j(-11).
23
Let o(j) = j**3 + j**2 - 2*j - 102. Give o(0).
-102
Let n(p) = 2*p**3 - 29*p**2 + 15*p - 26. What is n(14)?
-12
Let m(l) = l + 10. Calculate m(5).
15
Let t(v) = v**2 + v + 1. Calculate t(-6).
31
Let n(i) = -5*i**2 + 5*i - 4. What is n(1)?
-4
Let k(g) = -7*g - 7. What is k(2)?
-21
Let c(f) = 154*f**3 - 3*f**2 + 2*f. Calculate c(1).
153
Let a(p) = -p**3 + 5*p**2 + 3*p - 3. Give a(5).
12
Let j(m) = -2*m**2 + 19*m - 31. Determine j(6).
11
Let g(f) = f**3 + 16*f**2 - 35*f + 25. What is g(-18)?
7
Let b(t) = -6*t + 7. What is b(1)?
1
Let z(y) = -2*y**2 + 12*y + 13. Calculate z(6).
13
Let g(r) = -3*r**3 - r**2 - r + 1. What is g(1